 -15. What are the prime factors of 196/20 + c/(-20)?
2, 5
Suppose 42*p - 54*p + 10356 = 0. What are the prime factors of p?
863
Let p = 317 - -3075. List the prime factors of p.
2, 53
Let z(d) = 4*d**3 + 3*d**2 + d - 1. Let u be z(-2). Let r = u + 147. What are the prime factors of r?
2, 31
Let x be (-2 + 6)*25/(-20). Let q(s) = -8*s - 17. Let v be q(x). Suppose 0*b = -5*r + 3*b + 17, -5*r + v = 3*b. What are the prime factors of r?
2
Suppose 6*o - 6692 = -8*o. What are the prime factors of o?
2, 239
Let a = 844 + -214. What are the prime factors of a?
2, 3, 5, 7
Let w = 32 + -19. Let x = w - 11. Suppose 26 = 2*v - 3*a, -v - 4 = -x*v - 3*a. What are the prime factors of v?
2, 5
Let z(q) = 45*q + 8. Let m be z(4). Let b = 267 - m. List the prime factors of b.
79
Suppose 3*c + 135 = 33. Let w = c - -37. Suppose 3*y + 174 = w*v, 2*v - 110 = -y - 0*y. List the prime factors of v.
2, 7
Let y be ((-12)/20 - 12/10)*-10. Suppose -30 = -3*j - 2*j. What are the prime factors of j*1*6/y?
2
Let c(l) = l**3 + 2 - 13*l**2 - 20*l + 20*l. Let w be c(13). List the prime factors of w/((-8)/20)*-5.
5
Let k(i) = 30*i**2 + 12*i + 16. List the prime factors of k(8).
2, 127
Let b(s) = -3*s**3 - 7*s**2 + s + 6. Let q be b(-5). Suppose -q = -0*x - 3*x. List the prime factors of x.
67
Suppose -3*g = 2*g. Suppose -2*o - 3*i + 23 = 0, 50 = 5*o + 5*i - g*i. What are the prime factors of o?
7
Let i(m) = -m**2 - 21*m - 5. Let k be i(-15). Suppose 2*s - 29 = k. Suppose 7*p = 2*p + t + s, 2*p - 24 = t. What are the prime factors of p?
11
Suppose 10*h = -h + 22. Suppose -h*c = -391 - 141. What are the prime factors of c?
2, 7, 19
Suppose 3*z + 6 = 0, 0*a - 5*z = 2*a - 180. List the prime factors of a/7 - 51/(-119).
2, 7
Let n(d) = d**3 + 6*d**2 - 19*d + 4. What are the prime factors of n(7)?
2, 127
Let j(v) = 218*v + 309. What are the prime factors of j(7)?
5, 367
Let c(r) = -r. Let s(j) = 11*j + 4. Let t(y) = -6*c(y) + s(y). List the prime factors of t(3).
5, 11
Let b be (-11 - 1) + -3 + 0. Let f = b - -13. Let d = 6 + f. List the prime factors of d.
2
Let m = -1089 + 1532. List the prime factors of m.
443
Let b = -696 - -403. Let z = -139 - b. What are the prime factors of z?
2, 7, 11
Let f(u) = -73*u + 81. List the prime factors of f(-8).
5, 7, 19
Suppose -y = -4*l + 12, -5*y = -2*l + 2 + 4. Suppose l*w = -5*g + 1, -3*w - 4*g + 0*g + 2 = 0. List the prime factors of (3/w)/((-6)/(-272)).
2, 17
Suppose 4700 = 18*s - 11464. What are the prime factors of s?
2, 449
Let b(a) = -2*a + 253 - 259 + 0*a + 4*a**2. What are the prime factors of b(4)?
2, 5
Let q = -1839 - -2973. List the prime factors of q.
2, 3, 7
Suppose -5*r = 3*d - 798 - 1681, 2*d + 4 = 0. Suppose 8*w = 3*w + 4*k + r, 0 = -3*w + 3*k + 300. List the prime factors of w.
97
Suppose -9*i + 255 + 267 = 0. Suppose -3*l + 503 = -i. What are the prime factors of l?
11, 17
Suppose -4*b - 7*g + 11751 = 0, -3*g + 230 = 2*b - 5645. List the prime factors of b.
2, 367
Let p(f) = 5*f**3 + 3*f**2 + 2*f + 2. Let s(u) = 4*u**3 + 4*u**2 + 2*u + 3. Let g = 17 - 21. Let l(n) = g*s(n) + 3*p(n). List the prime factors of l(-7).
2
Suppose -7*l - 6*i = -9*i - 6131, -3*l = -5*i - 2609. What are the prime factors of l?
2, 439
Let t = -23 - -5. Let i = t + 12. What are the prime factors of (-8)/(-2*(-1)/i)?
2, 3
Let o = -7 + 11. Suppose 84 = -o*q + q. List the prime factors of 1 + (-2)/2 - q.
2, 7
Let o(t) = 2*t**2 + 13*t + 50. List the prime factors of o(-14).
2, 5, 13
Suppose 3*r + 20 = 5*f - 2*r, 4*r = -3*f + 19. Suppose 0 = f*s - 128 - 262. List the prime factors of s.
2, 3, 13
Suppose 3*s + 5*r - 32 = -0*r, -5*s - r + 24 = 0. Suppose 4*c = -c + 285. Suppose -j + s*j = c. What are the prime factors of j?
19
Suppose -d - 4*d = -x - 17, 3*d - 13 = 2*x. Suppose d*g - 51 = -0. What are the prime factors of g?
17
List the prime factors of 648 - -2*(4 - (8 - 5)).
2, 5, 13
Let c be (-2)/8 + (-5)/(-20). Suppose -i - 4*l + 37 = c, 7*i - 2*i - 163 = 2*l. Suppose 10*p - i = 7*p. List the prime factors of p.
11
Suppose -2*v + 278 = b, 0 = -3*b + 4*v - 9*v + 834. What are the prime factors of b?
2, 139
Let l be -11 + (4 - 3/3). Let y = l - -10. What are the prime factors of y/4*(-3 - -11)?
2
Let k = -26 - -28. Suppose 2*m - 72 = -k*m. What are the prime factors of 1*(-9)/(m/(-52))?
2, 13
Let d be 263 - (4/(-1) + -1 + 1). Let y = -108 + d. What are the prime factors of y?
3, 53
Suppose -25*p + 49*p = 35472. List the prime factors of p.
2, 739
Suppose 3*c = 59 - 8. Suppose -v - 3*u = -8, 6*u - 4 = v + 5*u. List the prime factors of c + 7 - (v - -1).
2, 3
Suppose 20*s - 9304 = -504. What are the prime factors of s?
2, 5, 11
Let s be (256/6 + 0)*3. Suppose 4*i - s = 2*i. Suppose i = k + k. What are the prime factors of k?
2
Let l(a) = -a**3 - 19*a**2 - 22*a - 22. Suppose -5*n + 5*b = -55, -2*n + b + 51 = 3*n. Suppose 2*v = f + n, -4*v = -v + 12. What are the prime factors of l(f)?
2, 5
Let j(p) = p**3 - 9*p**2 + 8*p + 6. Let y be j(8). Suppose 0*d = -y*d + 36. Let i(g) = g**2 - 2*g - 2. What are the prime factors of i(d)?
2, 11
Suppose 10*o - 8681 = 839. List the prime factors of o.
2, 7, 17
Suppose 3*s - v - 9 = 0, -3*s - v + 9 = -0*v. Suppose 0 = -s*m - 0*m + 30. What are the prime factors of m?
2, 5
Let h(m) = -m**3 + 14*m**2 - 18*m - 3. Let y be h(9). Suppose 0 = 5*s - 0*s - y. List the prime factors of s.
2, 3
Suppose -18 + 34 = 4*s. Suppose 0 = -5*h - 2*u - 480, 3*h + 118 = 2*h + s*u. What are the prime factors of h/(-5) + (-6)/(-15)?
2, 5
Suppose 0 = 24*r - 12*r - 4848. What are the prime factors of r?
2, 101
Let n = 10 - -2. Let y(k) = -k**3 + 15*k**2 - 21*k - 11. List the prime factors of y(n).
13
Suppose -l = 2*s - 40, -5*l + 226 = -5*s + 2*s. Let i = 0 + l. Suppose 2 = v - 2*k, 8*v + 4*k - i = 4*v. List the prime factors of v.
2
Let q(s) = 6*s + 3. Let v be q(-1). Let z = 8 - v. Suppose 0 = -6*f + z*f - 125. What are the prime factors of f?
5
Suppose -7*m = 12 - 173. Let s = 72 + -35. Let j = s - m. What are the prime factors of j?
2, 7
Let w = 145 - 93. Suppose 0 = 4*f - w - 60. Let x = f + -20. List the prime factors of x.
2
Let d(n) = 4*n**3 - n**2 - n - 1. Let b be d(-1). Let h = b + 10. Suppose 0 = 2*a - 5*u - 51, 0*a - h*u = 2*a - 21. What are the prime factors of a?
2, 3
Let n(m) = 6 - 1 - 14 + 0*m + 3*m. Let b be n(-10). Let h = 0 - b. What are the prime factors of h?
3, 13
Let r(j) = -j**2 - 1. Let c(h) = -5*h**2 - 14*h - 10. Let f(m) = -c(m) + 4*r(m). Let d be f(-14). What are the prime factors of (0 + d)*(1 + 2)?
2, 3
Suppose 2*y = 5*f + 454 + 60, 0 = -2*f + 8. What are the prime factors of y?
3, 89
Suppose 0 = -5*t - 5*k + 140, -4*k + 14 = 2*t - 46. Let w = -1 + 1. Suppose w*d - t = -d. List the prime factors of d.
2, 13
Let n(o) be the second derivative of 7*o**3/2 + o**2/2 + 49*o. Let x be 2/5 - 3/(-5). What are the prime factors of n(x)?
2, 11
Let k = 11 + 20. Let i = k - 15. List the prime factors of i.
2
Let g = 22 + -16. Suppose -7*z + 5 = -g*z. Suppose -5*h = -z*u + 30, 3*u - 2*h = -0*u + 18. What are the prime factors of u?
2, 3
Suppose -2*z + 4*t + 5 = 5*t, 4*t - 20 = 0. Suppose -3*c = -0*c - u - 147, z = 5*u. List the prime factors of c.
7
Let c = 1 - -1. Suppose -6*y = -1846 + 358. Suppose -10 = -5*w + c*n + 287, 0 = 4*w + n - y. List the prime factors of w.
61
Let q(a) = a**2 + 2*a. Let h be q(2). Let p = -2 + h. Suppose -106 = p*i - 8*i. List the prime factors of i.
53
Let n(d) = -d**2 + 6*d - 6. Let k be n(5). Let o = k - -9. Suppose 0 = -3*u + o*u - 75. List the prime factors of u.
3, 5
Let w(c) = c**3 - 16*c**2 + 36*c - 17. Let v be w(15). Let n = v - 138. What are the prime factors of n?
2, 5
Let a = 27 + -12. What are the prime factors of a/(-5) - (-35 - -1)?
31
Let c(r) = -5*r**3 + 2*r**2 + 38*r + 167. List the prime factors of c(-5).
2, 163
Let j(u) = 6*u**2 - 11*u - 9. Let i(x) = -5*x**2 + 10*x + 8. Let v(z) = 7*i(z) + 6*j(z). Let b be v(-7). Let d = b - 5. List the prime factors of d.
2, 3
Let o(m) = m**3 - 2*m**2 - 11*m + 24. Let r be o(6). Suppose 2*d - r = 212. What are the prime factors of d?
157
Let x = -19 + 28. Let n = 4 - -14. Let z = n - x. What are the prime factors of z?
3
Let r(o) = -3*o**2 + 2*o. Let q be r(2). Let f be (q/6)/((-26)/39). Suppose -l = p - 6 - 14, l = f*p + 11. What are the pri